{"id":197,"date":"2020-05-27T21:35:22","date_gmt":"2020-05-27T19:35:22","guid":{"rendered":"https:\/\/www.denthouse.sk\/?page_id=197"},"modified":"2024-01-09T16:46:15","modified_gmt":"2024-01-09T15:46:15","slug":"kontakty_hrs","status":"publish","type":"page","link":"https:\/\/www.denthouse.sk\/?page_id=197","title":{"rendered":"Kontakt"},"content":{"rendered":"\t\t<div data-elementor-type=\"wp-page\" data-elementor-id=\"197\" class=\"elementor elementor-197\">\n\t\t\t\t\t\t<section class=\"elementor-section elementor-top-section elementor-element elementor-element-e3b1e5f elementor-section-full_width elementor-section-height-default elementor-section-height-default\" data-id=\"e3b1e5f\" data-element_type=\"section\" data-e-type=\"section\">\n\t\t\t\t\t\t<div class=\"elementor-container elementor-column-gap-default\">\n\t\t\t\t\t<div class=\"elementor-column elementor-col-50 elementor-top-column elementor-element elementor-element-b32385d\" data-id=\"b32385d\" data-element_type=\"column\" data-e-type=\"column\">\n\t\t\t<div class=\"elementor-widget-wrap elementor-element-populated\">\n\t\t\t\t\t\t<div class=\"elementor-element elementor-element-56ff685 animated-slow elementor-invisible elementor-widget elementor-widget-image\" data-id=\"56ff685\" data-element_type=\"widget\" data-e-type=\"widget\" data-settings=\"{&quot;_animation&quot;:&quot;fadeIn&quot;}\" data-widget_type=\"image.default\">\n\t\t\t\t<div class=\"elementor-widget-container\">\n\t\t\t\t\t\t\t\t\t\t\t\t\t\t\t<img fetchpriority=\"high\" decoding=\"async\" width=\"1528\" height=\"2383\" src=\"https:\/\/www.denthouse.sk\/wp-content\/uploads\/2020\/06\/IMG_2195-1.png\" class=\"attachment-full size-full wp-image-422\" alt=\"\" srcset=\"https:\/\/www.denthouse.sk\/wp-content\/uploads\/2020\/06\/IMG_2195-1.png 1528w, https:\/\/www.denthouse.sk\/wp-content\/uploads\/2020\/06\/IMG_2195-1-192x300.png 192w, https:\/\/www.denthouse.sk\/wp-content\/uploads\/2020\/06\/IMG_2195-1-657x1024.png 657w, https:\/\/www.denthouse.sk\/wp-content\/uploads\/2020\/06\/IMG_2195-1-768x1198.png 768w, https:\/\/www.denthouse.sk\/wp-content\/uploads\/2020\/06\/IMG_2195-1-985x1536.png 985w, https:\/\/www.denthouse.sk\/wp-content\/uploads\/2020\/06\/IMG_2195-1-1313x2048.png 1313w, https:\/\/www.denthouse.sk\/wp-content\/uploads\/2020\/06\/IMG_2195-1-1231x1920.png 1231w, https:\/\/www.denthouse.sk\/wp-content\/uploads\/2020\/06\/IMG_2195-1-600x936.png 600w\" sizes=\"(max-width: 1528px) 100vw, 1528px\" \/>\t\t\t\t\t\t\t\t\t\t\t\t\t\t\t<\/div>\n\t\t\t\t<\/div>\n\t\t\t\t\t<\/div>\n\t\t<\/div>\n\t\t\t\t<div class=\"elementor-column elementor-col-50 elementor-top-column elementor-element elementor-element-ce9eac5\" data-id=\"ce9eac5\" data-element_type=\"column\" data-e-type=\"column\">\n\t\t\t<div class=\"elementor-widget-wrap elementor-element-populated\">\n\t\t\t\t\t\t<div class=\"elementor-element elementor-element-d13c4c2 animated-slow elementor-invisible elementor-widget elementor-widget-text-editor\" data-id=\"d13c4c2\" data-element_type=\"widget\" data-e-type=\"widget\" data-settings=\"{&quot;_animation&quot;:&quot;fadeIn&quot;}\" data-widget_type=\"text-editor.default\">\n\t\t\t\t<div class=\"elementor-widget-container\">\n\t\t\t\t\t\t\t\t\t<div class=\"wpb_text_column wpb_content_element \"><div class=\"wpb_wrapper\"><h5>\u00a0<\/h5><h5><span style=\"color: #808080;\">\u00a0 \u00a0 \u00a0 \u00a0 \u00a0 \u00a0 \u00a0 \u00a0 \u00a0 \u00a0 \u00a0 \u00a0 \u00a0 \u00a0 \u00a0 \u00a0 \u00a0 \u00a0 \u00a0 \u00a0 \u00a0 \u00a0 \u00a0 \u00a0 \u00a0 \u00a0 \u00a0 \u00a0 \u00a0 \u00a0 \u00a0 \u00a0 \u00a0 \u00a0 \u00a0 \u00a0 \u00a0 \u00a0 \u00a0 \u00a0 \u00a0 \u00a0 \u00a0 \u00a0 \u00a0 \u00a0 \u00a0 \u00a0 \u00a0 \u00a0 \u00a0 \u00a0 \u00a0 \u00a0 \u00a0 \u00a0 \u00a0 \u00a0 \u00a0 \u00a0 \u00a0 \u00a0 \u00a0 \u00a0<\/span><\/h5><\/div><div class=\"wpb_wrapper\"><h4 style=\"text-align: center;\"><span style=\"color: #592e12;\"><strong>OBJEDNAJTE SA :\u00a0<\/strong><\/span><a href=\"mailto:recepce@libento.cz\"><strong><br \/><\/strong><\/a><br \/><strong><span style=\"color: #333333;\">(+421) 951 012 970<\/span><\/strong><\/h4><h5 style=\"text-align: center;\"><span style=\"color: #592e12;\"><strong>N\u00c1JDETE N\u00c1S NA :<\/strong><\/span><\/h5><h5 style=\"text-align: center;\">Maxima Gork\u00e9ho 7<br \/>2. poschodie<\/h5><h5 style=\"text-align: center;\">071 01<br \/>\u00a0Michalovce<\/h5><h4 style=\"text-align: center;\"><span style=\"color: #592e12;\"><strong>ORDINA\u010cN\u00c9 HODINY<br \/><\/strong><\/span><\/h4><table width=\"408\"><tbody><tr><td>Pondelok:<\/td><td>08:00 \u2013 16:00<\/td><\/tr><tr><td>Utorok:<\/td><td>08:00 \u2013 16:00<\/td><\/tr><tr><td>Streda:<\/td><td>10:00 \u2013 18:00<\/td><\/tr><tr><td>\u0160tvrtok:<\/td><td>08:00 \u2013 16:00<\/td><\/tr><tr><td>Piatok:<\/td><td>08:00 \u2013 13:00<\/td><\/tr><\/tbody><\/table><p style=\"text-align: center;\"><span style=\"color: #592e12;\"><strong>\u00a0<\/strong><\/span><\/p><\/div><\/div>\t\t\t\t\t\t\t\t<\/div>\n\t\t\t\t<\/div>\n\t\t\t\t\t<\/div>\n\t\t<\/div>\n\t\t\t\t\t<\/div>\n\t\t<\/section>\n\t\t\t\t<section class=\"elementor-section elementor-top-section elementor-element elementor-element-e3fb1e5 elementor-section-full_width elementor-section-height-default elementor-section-height-default\" data-id=\"e3fb1e5\" data-element_type=\"section\" data-e-type=\"section\">\n\t\t\t\t\t\t<div class=\"elementor-container elementor-column-gap-default\">\n\t\t\t\t\t<div class=\"elementor-column elementor-col-100 elementor-top-column elementor-element elementor-element-b03ecfb\" data-id=\"b03ecfb\" data-element_type=\"column\" data-e-type=\"column\">\n\t\t\t<div class=\"elementor-widget-wrap elementor-element-populated\">\n\t\t\t\t\t\t<div class=\"elementor-element elementor-element-f9cb226 elementor-widget elementor-widget-google_maps\" data-id=\"f9cb226\" data-element_type=\"widget\" data-e-type=\"widget\" data-widget_type=\"google_maps.default\">\n\t\t\t\t<div class=\"elementor-widget-container\">\n\t\t\t\t\t\t\t<div class=\"elementor-custom-embed\">\n\t\t\t<iframe loading=\"lazy\"\n\t\t\t\t\tsrc=\"https:\/\/maps.google.com\/maps?q=Maxima%20Gork%C3%A9ho%207%2C%2007101%20Michalovce&#038;t=m&#038;z=16&#038;output=embed&#038;iwloc=near\"\n\t\t\t\t\ttitle=\"Maxima Gork\u00e9ho 7, 07101 Michalovce\"\n\t\t\t\t\taria-label=\"Maxima Gork\u00e9ho 7, 07101 Michalovce\"\n\t\t\t><\/iframe>\n\t\t<\/div>\n\t\t\t\t\t\t<\/div>\n\t\t\t\t<\/div>\n\t\t\t\t\t<\/div>\n\t\t<\/div>\n\t\t\t\t\t<\/div>\n\t\t<\/section>\n\t\t\t\t<section class=\"elementor-section elementor-top-section elementor-element elementor-element-7146d93 elementor-section-full_width elementor-section-height-default elementor-section-height-default\" data-id=\"7146d93\" data-element_type=\"section\" data-e-type=\"section\">\n\t\t\t\t\t\t<div class=\"elementor-container elementor-column-gap-default\">\n\t\t\t\t\t<div class=\"elementor-column elementor-col-25 elementor-top-column elementor-element elementor-element-d6d6787\" data-id=\"d6d6787\" data-element_type=\"column\" data-e-type=\"column\">\n\t\t\t<div class=\"elementor-widget-wrap elementor-element-populated\">\n\t\t\t\t\t\t<div class=\"elementor-element elementor-element-b7f0318 animated-slow elementor-invisible elementor-widget elementor-widget-image\" data-id=\"b7f0318\" data-element_type=\"widget\" data-e-type=\"widget\" data-settings=\"{&quot;_animation&quot;:&quot;fadeIn&quot;}\" data-widget_type=\"image.default\">\n\t\t\t\t<div class=\"elementor-widget-container\">\n\t\t\t\t\t\t\t\t\t\t\t\t\t\t\t<img decoding=\"async\" width=\"768\" height=\"1024\" src=\"https:\/\/www.denthouse.sk\/wp-content\/uploads\/2020\/06\/za-budovou-1-768x1024.png\" class=\"attachment-large size-large wp-image-417\" alt=\"\" srcset=\"https:\/\/www.denthouse.sk\/wp-content\/uploads\/2020\/06\/za-budovou-1-768x1024.png 768w, https:\/\/www.denthouse.sk\/wp-content\/uploads\/2020\/06\/za-budovou-1-225x300.png 225w, https:\/\/www.denthouse.sk\/wp-content\/uploads\/2020\/06\/za-budovou-1-1152x1536.png 1152w, https:\/\/www.denthouse.sk\/wp-content\/uploads\/2020\/06\/za-budovou-1-1536x2048.png 1536w, https:\/\/www.denthouse.sk\/wp-content\/uploads\/2020\/06\/za-budovou-1-560x747.png 560w, https:\/\/www.denthouse.sk\/wp-content\/uploads\/2020\/06\/za-budovou-1-840x1120.png 840w, https:\/\/www.denthouse.sk\/wp-content\/uploads\/2020\/06\/za-budovou-1-1440x1920.png 1440w, https:\/\/www.denthouse.sk\/wp-content\/uploads\/2020\/06\/za-budovou-1-600x800.png 600w\" sizes=\"(max-width: 768px) 100vw, 768px\" \/>\t\t\t\t\t\t\t\t\t\t\t\t\t\t\t<\/div>\n\t\t\t\t<\/div>\n\t\t\t\t\t<\/div>\n\t\t<\/div>\n\t\t\t\t<div class=\"elementor-column elementor-col-50 elementor-top-column elementor-element elementor-element-db42d0a\" data-id=\"db42d0a\" data-element_type=\"column\" data-e-type=\"column\">\n\t\t\t<div class=\"elementor-widget-wrap elementor-element-populated\">\n\t\t\t\t\t\t<div class=\"elementor-element elementor-element-009869f animated-slow elementor-invisible elementor-widget elementor-widget-text-editor\" data-id=\"009869f\" data-element_type=\"widget\" data-e-type=\"widget\" data-settings=\"{&quot;_animation&quot;:&quot;fadeIn&quot;}\" data-widget_type=\"text-editor.default\">\n\t\t\t\t<div class=\"elementor-widget-container\">\n\t\t\t\t\t\t\t\t\t<h4 style=\"text-align: center;\"><span style=\"color: #663b1f;\"><strong>PARKOVANIE<\/strong><\/span><\/h4><p style=\"text-align: left;\"><span style=\"color: #333333;\"><span style=\"font-family: inherit; font-size: 1.1em; font-style: inherit; font-variant-ligatures: inherit; font-variant-caps: inherit; font-weight: inherit;\"><img decoding=\"async\" class=\"size-full wp-image-287 alignleft\" src=\"https:\/\/www.denthouse.sk\/wp-content\/uploads\/2020\/05\/favicon1.ico\" alt=\"\" width=\"16\" height=\"16\" \/>vyu\u017ei\u0165 m\u00f4\u017eete parkovanie priamo za budovou, do ambulancie sa dostanete z pe\u0161ej z\u00f3ny&#8230;<\/span><\/span><\/p><p style=\"text-align: left;\"><span style=\"color: #333333;\"><span style=\"font-family: inherit; font-size: 1.1em; font-style: inherit; font-variant-ligatures: inherit; font-variant-caps: inherit; font-weight: inherit;\"><img decoding=\"async\" class=\"size-full wp-image-287 alignleft\" src=\"https:\/\/www.denthouse.sk\/wp-content\/uploads\/2020\/05\/favicon1.ico\" alt=\"\" width=\"16\" height=\"16\" \/>&#8230;pr\u00edpadne kdeko\u013evek pri Tr\u017enici, alebo na in\u00fdch parkovisk\u00e1ch v okol\u00ed<\/span><\/span><\/p>\t\t\t\t\t\t\t\t<\/div>\n\t\t\t\t<\/div>\n\t\t\t\t<div class=\"elementor-element elementor-element-98ec63d animated-slow elementor-invisible elementor-widget elementor-widget-image\" data-id=\"98ec63d\" data-element_type=\"widget\" data-e-type=\"widget\" data-settings=\"{&quot;_animation&quot;:&quot;fadeIn&quot;}\" data-widget_type=\"image.default\">\n\t\t\t\t<div class=\"elementor-widget-container\">\n\t\t\t\t\t\t\t\t\t\t\t\t\t\t\t<img loading=\"lazy\" decoding=\"async\" width=\"1024\" height=\"768\" src=\"https:\/\/www.denthouse.sk\/wp-content\/uploads\/2020\/06\/Trznica-1024x768.png\" class=\"attachment-large size-large wp-image-418\" alt=\"\" srcset=\"https:\/\/www.denthouse.sk\/wp-content\/uploads\/2020\/06\/Trznica-1024x768.png 1024w, https:\/\/www.denthouse.sk\/wp-content\/uploads\/2020\/06\/Trznica-300x225.png 300w, https:\/\/www.denthouse.sk\/wp-content\/uploads\/2020\/06\/Trznica-768x576.png 768w, https:\/\/www.denthouse.sk\/wp-content\/uploads\/2020\/06\/Trznica-1536x1152.png 1536w, https:\/\/www.denthouse.sk\/wp-content\/uploads\/2020\/06\/Trznica-560x420.png 560w, https:\/\/www.denthouse.sk\/wp-content\/uploads\/2020\/06\/Trznica-900x675.png 900w, https:\/\/www.denthouse.sk\/wp-content\/uploads\/2020\/06\/Trznica-1920x1440.png 1920w, https:\/\/www.denthouse.sk\/wp-content\/uploads\/2020\/06\/Trznica-600x450.png 600w\" sizes=\"(max-width: 1024px) 100vw, 1024px\" \/>\t\t\t\t\t\t\t\t\t\t\t\t\t\t\t<\/div>\n\t\t\t\t<\/div>\n\t\t\t\t\t<\/div>\n\t\t<\/div>\n\t\t\t\t<div class=\"elementor-column elementor-col-25 elementor-top-column elementor-element elementor-element-8c76ff1\" data-id=\"8c76ff1\" data-element_type=\"column\" data-e-type=\"column\">\n\t\t\t<div class=\"elementor-widget-wrap\">\n\t\t\t\t\t\t\t<\/div>\n\t\t<\/div>\n\t\t\t\t\t<\/div>\n\t\t<\/section>\n\t\t\t\t<section class=\"elementor-section elementor-top-section elementor-element elementor-element-7e8ee14 elementor-section-boxed elementor-section-height-default elementor-section-height-default\" data-id=\"7e8ee14\" data-element_type=\"section\" data-e-type=\"section\">\n\t\t\t\t\t\t<div class=\"elementor-container elementor-column-gap-default\">\n\t\t\t\t\t<div class=\"elementor-column elementor-col-100 elementor-top-column elementor-element elementor-element-eaf104b\" data-id=\"eaf104b\" data-element_type=\"column\" data-e-type=\"column\">\n\t\t\t<div class=\"elementor-widget-wrap elementor-element-populated\">\n\t\t\t\t\t\t\t<\/div>\n\t\t<\/div>\n\t\t\t\t\t<\/div>\n\t\t<\/section>\n\t\t\t\t<section class=\"elementor-section elementor-top-section elementor-element elementor-element-962a72c elementor-section-boxed elementor-section-height-default elementor-section-height-default\" data-id=\"962a72c\" data-element_type=\"section\" data-e-type=\"section\">\n\t\t\t\t\t\t<div class=\"elementor-container elementor-column-gap-default\">\n\t\t\t\t\t<div class=\"elementor-column elementor-col-100 elementor-top-column elementor-element elementor-element-62fb0e1\" data-id=\"62fb0e1\" data-element_type=\"column\" data-e-type=\"column\">\n\t\t\t<div class=\"elementor-widget-wrap elementor-element-populated\">\n\t\t\t\t\t\t\t<\/div>\n\t\t<\/div>\n\t\t\t\t\t<\/div>\n\t\t<\/section>\n\t\t\t\t<section class=\"elementor-section elementor-top-section elementor-element elementor-element-dfd859e elementor-section-boxed elementor-section-height-default elementor-section-height-default\" data-id=\"dfd859e\" data-element_type=\"section\" data-e-type=\"section\">\n\t\t\t\t\t\t<div class=\"elementor-container elementor-column-gap-default\">\n\t\t\t\t\t<div class=\"elementor-column elementor-col-100 elementor-top-column elementor-element elementor-element-a8f72ba\" data-id=\"a8f72ba\" data-element_type=\"column\" data-e-type=\"column\">\n\t\t\t<div class=\"elementor-widget-wrap elementor-element-populated\">\n\t\t\t\t\t\t<div class=\"elementor-element elementor-element-006dca7 elementor-widget elementor-widget-text-editor\" data-id=\"006dca7\" data-element_type=\"widget\" data-e-type=\"widget\" data-widget_type=\"text-editor.default\">\n\t\t\t\t<div class=\"elementor-widget-container\">\n\t\t\t\t\t\t\t\t\t<h4 style=\"margin-bottom: 0px; font-variant-ligatures: normal; font-variant-caps: normal; letter-spacing: normal; text-align: center;\"><span style=\"font-style: normal; font-variant-ligatures: normal; font-variant-caps: normal; font-weight: 400; font-size: 14px; font-family: Ubuntu, Helvetica, Arial, sans-serif; color: #444444;\"><span style=\"color: #808080;\">\u00a0 Copyright \u00a9 2022 Denthouse <\/span>\u00a0 \u00a0<\/span><\/h4><div style=\"text-align: center;\"><span style=\"font-style: normal; font-variant-ligatures: normal; font-variant-caps: normal; font-weight: 400; font-size: 14px; font-family: Ubuntu, Helvetica, Arial, sans-serif; color: #444444;\">\u00a0<\/span><\/div><p style=\"text-align: center;\"><a href=\"https:\/\/www.denthouse.sk\/wp-content\/uploads\/2020\/12\/Dotazni\u0301k-spokojnosti-pacientov.pdf\">Dotazni\u0301k spokojnosti pacientov<\/a><\/p><p style=\"text-align: center;\"><a href=\"https:\/\/www.denthouse.sk\/wp-content\/uploads\/2020\/12\/Informa\u0301cia-o-pra\u0301vach-pacientov.pdf\">Informa\u0301cia o pra\u0301vach pacientov<\/a><\/p><p style=\"text-align: center;\">\u00a0 \u00a0 \u00a0<a href=\"https:\/\/www.denthouse.sk\/wp-content\/uploads\/2021\/03\/Informacie-o-spracovavani-osobnych-udajov.pdf\">Inform\u00e1cie o spracov\u00e1van\u00ed osobn\u00fdch \u00fadajov<\/a><\/p>\t\t\t\t\t\t\t\t<\/div>\n\t\t\t\t<\/div>\n\t\t\t\t\t<\/div>\n\t\t<\/div>\n\t\t\t\t\t<\/div>\n\t\t<\/section>\n\t\t\t\t<\/div>\n\t\t","protected":false},"excerpt":{"rendered":"<p>\u00a0 \u00a0 \u00a0 \u00a0 \u00a0 \u00a0 \u00a0 \u00a0 \u00a0 \u00a0 \u00a0 \u00a0 \u00a0 \u00a0 \u00a0 \u00a0 \u00a0 \u00a0 \u00a0 \u00a0 \u00a0 \u00a0 \u00a0 \u00a0 \u00a0 \u00a0 \u00a0 \u00a0 \u00a0 \u00a0 \u00a0 \u00a0 \u00a0 \u00a0 \u00a0 \u00a0 \u00a0 \u00a0 \u00a0 \u00a0 \u00a0 \u00a0 \u00a0 \u00a0 \u00a0 \u00a0 \u00a0 \u00a0 \u00a0 \u00a0 \u00a0 \u00a0 \u00a0 \u00a0 \u00a0 [&hellip;]<\/p>\n","protected":false},"author":1,"featured_media":0,"parent":0,"menu_order":0,"comment_status":"closed","ping_status":"closed","template":"","meta":{"_monsterinsights_skip_tracking":false,"_monsterinsights_sitenote_active":false,"_monsterinsights_sitenote_note":"","_monsterinsights_sitenote_category":0,"footnotes":""},"class_list":["post-197","page","type-page","status-publish","hentry"],"_links":{"self":[{"href":"https:\/\/www.denthouse.sk\/index.php?rest_route=\/wp\/v2\/pages\/197","targetHints":{"allow":["GET"]}}],"collection":[{"href":"https:\/\/www.denthouse.sk\/index.php?rest_route=\/wp\/v2\/pages"}],"about":[{"href":"https:\/\/www.denthouse.sk\/index.php?rest_route=\/wp\/v2\/types\/page"}],"author":[{"embeddable":true,"href":"https:\/\/www.denthouse.sk\/index.php?rest_route=\/wp\/v2\/users\/1"}],"replies":[{"embeddable":true,"href":"https:\/\/www.denthouse.sk\/index.php?rest_route=%2Fwp%2Fv2%2Fcomments&post=197"}],"version-history":[{"count":6,"href":"https:\/\/www.denthouse.sk\/index.php?rest_route=\/wp\/v2\/pages\/197\/revisions"}],"predecessor-version":[{"id":1128,"href":"https:\/\/www.denthouse.sk\/index.php?rest_route=\/wp\/v2\/pages\/197\/revisions\/1128"}],"wp:attachment":[{"href":"https:\/\/www.denthouse.sk\/index.php?rest_route=%2Fwp%2Fv2%2Fmedia&parent=197"}],"curies":[{"name":"wp","href":"https:\/\/api.w.org\/{rel}","templated":true}]}}